atest common factor of u and d.
16
Let j(n) = n**2 + n + 12. Let q be j(0). Let r be 1/4 + 21/q. Let u be 7 + -2 - -6*(-4)/(-8). Calculate the greatest common factor of u and r.
2
Suppose 0 = -0*x + 3*x - 9. Let o(z) = z**3 - 2*z**2 - 2*z + 6. Let v be o(x). Calculate the highest common divisor of 72 and v.
9
Suppose -4*f - 216 = 144. Let t = 133 + f. What is the highest common factor of 86 and t?
43
Let m be (36/20)/(9/30). Let q be -15*(3 + -5) - 3. What is the highest common factor of q and m?
3
Let u(p) = 2*p**3 - 2*p**2 - p + 1. Let r be u(2). Let g = 7 + r. Let x be 1/(-1) - 2*-4. Calculate the highest common divisor of x and g.
7
Let t(v) = v**2 - v + 3*v + 2 - 6. Let c be t(-6). Suppose -7*u + c = -2*u. Calculate the highest common divisor of u and 36.
4
Suppose 257*o = 254*o + 189. Let f be -2*(1 - (-27)/(-6)). Calculate the highest common factor of o and f.
7
Let f(t) = t + 12. Let w be f(0). Let s(p) = 516*p + 3100. Let j be s(-6). What is the greatest common divisor of j and w?
4
Suppose 0*m + 12 = -2*m. Let o(l) = -3*l**2 - 2*l + 2*l**2 - 3 + 2*l**3 - l**3 + 7*l**2. Let g be o(m). Calculate the highest common factor of 45 and g.
9
Suppose s = 4*s + 21. Let l(b) be the first derivative of b**4/4 + 8*b**3/3 + 3*b**2 + 6*b + 67. Let q be l(s). Calculate the highest common factor of 13 and q.
13
Let l = -29 - -53. What is the greatest common factor of l and 72?
24
Suppose 21*c - 18*c - 3*u = 3903, 2*u - 1304 = -c. Calculate the greatest common factor of c and 14.
14
Let l = -5 + 109. Let m = 197 - l. Calculate the highest common divisor of 62 and m.
31
Let h = -75 + 78. Let c be ((21/h)/7)/(1/6). What is the greatest common divisor of c and 78?
6
Let f = -16 - -28. Suppose -2*l + 2*n = -f, 3*l + 3*n - 4*n = 10. What is the greatest common factor of 14 and l?
2
Suppose -2*y + 3 = -7. Let m(d) = -d**3 - 32*d**2 - 4*d - 127. Let t be m(-32). What is the highest common divisor of y and t?
1
Let k be (-3 + 2)/(2/(-26)). Let g(f) be the first derivative of -9*f**2/2 + 14*f + 3. Let r be g(-10). What is the highest common divisor of r and k?
13
Suppose -11 = -2*l + 1. Calculate the greatest common factor of 66 and l.
6
Suppose 0 = -5*i + 19 + 21. Suppose 2*r - 7 - 3 = 0. Let b(h) = h**3 - h**2 - 7*h + 7. Let y be b(r). Calculate the greatest common factor of y and i.
8
Let f = -13 + 53. Calculate the greatest common factor of f and 220.
20
Let r = -15336 - -15357. Suppose -5*v + 235 = -185. Calculate the highest common divisor of v and r.
21
Let k be 4/5 + (-144)/30. Let o be k/(-2) - (-35 - -1). Calculate the highest common factor of o and 12.
12
Let c be (1 + 0)/(1/31). Let n be (291 - (-48)/(-4))*1. Calculate the greatest common factor of c and n.
31
Suppose -5*o + 24 = -4*o. Suppose -4*p - 68 = -2*h, 32*h + 4*p - 156 = 27*h. Calculate the greatest common divisor of o and h.
8
Let s(o) = -o**2 - 12*o - 1. Let w be s(-5). Let u = w - 19. Let k be 40/20 + (-1 - -5). Calculate the highest common factor of k and u.
3
Let r be ((-6)/5)/(4/(-110)). Let k = r + -21. What is the highest common factor of k and 8?
4
Suppose u - 3*s - 20 = 0, 0 = -u - 2*u - 3*s. Let m = -6 + u. Let p be (-2)/(m - 1) - -7. What is the highest common divisor of 1 and p?
1
Suppose 2*z = -3*z + 660. Suppose 0 = 3*b - 0*b - z. Let c(g) = 109*g**2 - g. Let y be c(-1). What is the highest common divisor of b and y?
22
Suppose -5*q + 8*x = 4*x - 12, -5*q - 3*x + 26 = 0. Suppose q*b + 825 = 9*b. Calculate the highest common divisor of 15 and b.
15
Suppose -2*s + 4*v = -8, v + 20 = 5*s + 3*v. Suppose -121 - 15 = -5*r + s*p, r = 3*p + 25. Calculate the greatest common factor of 7 and r.
7
Suppose -3*f + 128 = 2*f - 4*y, y = 4*f - 98. Let q = 52 - f. Suppose g - 3 - 11 = 0. Calculate the highest common divisor of q and g.
14
Let d(w) = -w**3 + 18*w**2 - 20*w + 65. Let h be d(17). Calculate the highest common divisor of h and 434.
14
Let k be ((-1176)/36)/((-3)/((-135)/(-6))). Calculate the highest common divisor of 147 and k.
49
Let m = 29 - 28. Let x be 3 - (m - 22) - -2. Let i = x - 23. Calculate the highest common factor of 12 and i.
3
Let i(y) = -y**3 - 13*y**2 - 4*y - 27. Let x be i(-13). Calculate the greatest common factor of 10 and x.
5
Suppose -2*b = v + 2 - 12, -36 = -5*v + 4*b. Calculate the highest common factor of v and 172.
4
Let r = -391 - -476. Calculate the highest common divisor of r and 34.
17
Suppose 4*q + 7 + 5 = -2*o, 4*q = -o. Let v = -3 - o. Let i be -5*(144/(-20))/6. Calculate the highest common factor of v and i.
3
Let z = 143 + -88. Suppose z = -86*u + 91*u. Suppose -4*i = -36 - 52. What is the greatest common divisor of u and i?
11
Suppose 8*h - 24 = 704. Let d = h + -68. What is the highest common divisor of 207 and d?
23
Let a be (-10 + 9)*(-5)/1. Suppose c + 1 = 0, 3*g + a*c - 19 = -0*g. What is the highest common divisor of g and 8?
8
Let x be -34 + (-2)/(1 + -2). Let s be (-136)/x - (-1)/(-4). Let n be (756/(-8))/((-2)/s). Calculate the highest common divisor of n and 21.
21
Let i = 216 + -208. Calculate the highest common divisor of 152 and i.
8
Let w = 2085 + -2081. Calculate the greatest common divisor of w and 240.
4
Let w be 2/((12/10)/3). Let n be ((-2)/4)/(2/(-4)). Suppose -m = 1 + n, -w*m + 60 = s. What is the greatest common factor of s and 28?
14
Let f = 29 - 6. Suppose v - 8 - f = -5*g, -2*g = v - 22. What is the highest common divisor of v and 16?
16
Suppose -3*r + 4*c + 78 = 0, 5*r + c = 5*c + 130. What is the greatest common divisor of r and 494?
26
Let d = -53 + 45. Let y(a) = -a - 3. Let i be y(d). Calculate the greatest common divisor of i and 40.
5
Suppose -c - 6 = 2*j, 0 = -j - 2*j - 3. Let o = 44 - c. Calculate the greatest common factor of 12 and o.
12
Suppose 0 = 3*f - 2*m, -2*f - m + 1 = -2*m. Let b be 90*f*30/25. Calculate the highest common divisor of b and 27.
27
Suppose w = 5 - 4. Let y be (-13 + w)*80/(-12). Let i = -24 - -34. What is the highest common divisor of i and y?
10
Suppose 103 = -q + 152. Suppose -q*k = -44*k - 200. Calculate the greatest common divisor of k and 50.
10
Let v(d) = 14*d**3 - d**2 + d + 2. Let x be v(2). Suppose 7*t - 175 = 2*t. Let w be t*-3*8/(-60). Calculate the greatest common divisor of x and w.
14
Suppose -o + 0*o = 0. Suppose o = -2*i + 15 + 25. Calculate the greatest common divisor of 120 and i.
20
Suppose 15*i - 461 = 439. Calculate the greatest common factor of i and 100.
20
Suppose -d + 1 = -21. Calculate the highest common factor of 352 and d.
22
Suppose 4*j + 10 = 50. Let v be ((-8)/4)/(((-9)/2)/(-9)). Let y = j + v. Calculate the greatest common factor of 2 and y.
2
Let r be (1 - 4)*(-37 - -34). What is the greatest common factor of r and 2?
1
Let x = -12 + 32. What is the greatest common factor of 55 and x?
5
Let u be 40/(1 - -3)*(-6)/(-4). What is the highest common divisor of 33 and u?
3
Let z be (-1834)/(-98) - 4/(-14). Let a = 22 - z. Calculate the highest common factor of a and 24.
3
Let i be 1/3 - (-22)/(-3). Let v = 2 - i. What is the greatest common divisor of 81 and v?
9
Suppose 9*n - 461 = -65. Calculate the highest common factor of 22 and n.
22
Suppose 15 = 3*k - 0*k. Let l = 110 - 62. Let c = 88 - l. What is the highest common factor of c and k?
5
Suppose 0 = 7*z - 89 - 1479. Calculate the highest common factor of z and 42.
14
Let r be 28/12 + 4/6. Suppose 0 = 2*s - 3*f - 270, 94 + 296 = 3*s + r*f. Suppose -s = -2*m - 0*m. Calculate the greatest common divisor of m and 6.
6
Suppose 3*h = 3*a + 510, -40*h + 37*h = -5*a - 502. What is the greatest common factor of h and 5568?
174
Suppose -28*d + 36*d - 192 = 0. Calculate the greatest common factor of 744 and d.
24
Let x(n) = 55*n - 22. Let i be x(11). What is the highest common factor of 22 and i?
11
Suppose 0 = n + 328 - 338. Calculate the highest common divisor of 5 and n.
5
Let d(k) = 30*k**2 + 126*k + 486. Let v be d(-4). Calculate the greatest common factor of 42 and v.
42
Suppose 4*q = 2*q + w - 9, q = -4*w - 9. Let x be 12/30 + 12/q. Let c = x + 3. Calculate the greatest common divisor of 11 and c.
1
Let o(j) be the third derivative of j**5/20 + j**4/3 + j**3/3 - 2*j**2. Let v be o(-3). Let c = 23 + v. What is the highest common factor of 70 and c?
14
Suppose 93 - 1483 = 10*g. Let z = 283 + g. What is the g